+ 2)/2) is divided by 66/8 + (6/8)/(-3)?
5
Let a(p) = -4*p**2 + p + 2. Let q be a(-1). Suppose 0 = c + 21 - 395. What is the remainder when 79 is divided by q/(33/(-2)) - (-7412)/c?
19
Let g(m) = 3*m**2 + 21*m - 22. Let a be g(-11). Let b = a + -63. Calculate the remainder when b is divided by (-14)/(-1) - (-8 + 10).
11
Suppose 0 = s - 2*y - 153, 9*y - 5*y - 723 = -5*s. Suppose 4*n = -5*v + s, 13*n - 9*n = 3*v - 69. What is the remainder when v is divided by 13?
1
Let n = -105 + 110. Suppose -3*u + 12 + 54 = 0. Suppose -2*y + n*y = -3*l + 42, u = 2*l - y. Calculate the remainder when 42 is divided by l.
6
Suppose 0 = -41*u + 332 + 1472. What is the remainder when u is divided by (-2)/(0 + 1) - -22*1?
4
Let k(v) = 21*v - 123. What is the remainder when 525 is divided by k(7)?
21
Suppose -32*z = -412 - 420. What is the remainder when 853 is divided by z?
21
Suppose -2*u + 478 = 254*h - 250*h, 5*u - 142 = -h. Calculate the remainder when 1408 is divided by h.
4
Suppose 0 = 2*b - b + o - 6, 3*b - 6 = 3*o. Suppose -p - b*d = -10 - 10, -38 = -p + 2*d. Calculate the remainder when 319 is divided by p.
31
Let b = 158 - -57. Suppose -224*n = -b*n - 504. Calculate the remainder when 391 is divided by n.
55
Suppose 0 = 4*i - 12*i + 4*b + 76, -2*i = 4*b - 14. Calculate the remainder when 510 is divided by i.
6
Calculate the remainder when 1112 is divided by 185/3 - (20/(-15) + 1).
58
Suppose 0 = -2373*x - 1119*x + 879984. Let t(i) = 15*i - 2. What is the remainder when x is divided by t(3)?
37
Suppose 13893 + 2211 = 132*g. Calculate the remainder when g is divided by 75.
47
Let k = -692 + 733. Let p = 1005 + -555. What is the remainder when p is divided by k?
40
Let z = -23 - -22. Let v be 3/(6/4) - z. Suppose -6*u + 7*u - v*i = 21, 4*u - 70 = -2*i. What is the remainder when 51 is divided by u?
15
Let d be 12/(-5) - (-2)/5. Suppose 0 = -5*p + 5*f + 235, -3*f = -368*p + 363*p + 211. Calculate the remainder when p is divided by 2/(4/22) - d.
9
Suppose -2*j = k + 401 - 545, 2*k = 2*j - 132. Calculate the remainder when 1957 is divided by j.
67
Suppose 20*w - 110*w + 22950 = 0. Calculate the remainder when w is divided by 138.
117
Let d = 20217 - 19707. What is the remainder when d is divided by 57?
54
Suppose -67 - 3 = -5*q. Let k be (-2 - -1)/((-3)/(-12)). Let b(t) = -2*t**3 - 8*t**2 - 5*t - 9. What is the remainder when q is divided by b(k)?
3
Let j(q) = -212*q - 973. Suppose 2*m + 3*m - u = 56, 4*u + 15 = m. Calculate the remainder when j(-5) is divided by m.
10
Let w(f) = -6*f**2 + 384*f + 13. What is the remainder when w(63) is divided by 37?
21
Calculate the remainder when -17 - (-32)/(512/79728) is divided by 72.
70
Suppose 5087 = 188*i - 4125. Let p(w) = 5*w**3 - w**2 + 2*w - 1. What is the remainder when i is divided by p(1)?
4
Let m(b) = -107*b**3 + 2*b**2 + 4*b + 2. Let h(z) = 7*z + 34. Let r be h(-5). What is the remainder when m(r) is divided by 56?
51
Let q(i) = 11*i**2 + i**3 + 27 - 4*i**2 - 4*i + 4*i**2 - 6*i. Let k be q(-12). Suppose 28 = -k*s + 5*s. What is the remainder when 221 is divided by s?
11
Suppose -5*s - 2*n + 35924 - 6524 = 0, -7*n - 11760 = -2*s. Calculate the remainder when s is divided by 37.
34
Let z(t) = -21*t - 215. Let l be z(-11). Suppose -l*u - 78 + 222 = 0. Suppose d = -4*w - d + 44, 3*d = -12. What is the remainder when w is divided by u?
4
Let i = -485 + 495. Suppose i*k = 41*k - 248. What is the remainder when 35 is divided by k?
3
Let v(f) = 50*f**2 + 117*f - 115. Calculate the remainder when 713 is divided by v(1).
37
Let v be (-1)/(((-8)/30)/(-4)). Let s be (2710/v)/((-4)/6). Let p = s + -162. What is the remainder when p is divided by 28?
25
Suppose 3*w = 4*w - 108. Let o(s) = 26*s - 10. Let f be o(2). Suppose h + 0*h + q = 32, h = q + f. What is the remainder when w is divided by h?
34
Suppose 4*n - 140 = -4*y, 5*n + 49 = 87*y - 85*y. Let d(c) = 26*c - 3. Let l be d(2). Suppose i = -l + 176. Calculate the remainder when i is divided by y.
31
Suppose 0 = 308*j - 278*j - 5250. What is the remainder when 344 is divided by j?
169
Let q(i) = -2*i**3 - 10*i**2 + 5*i + 74. What is the remainder when q(-6) is divided by 3?
2
Suppose 378*f - 258 = 8710 + 1616. Suppose 0 = -5*x + 20, -557 = -4*w + 4*x + 83. What is the remainder when w is divided by f?
24
Let z = 153 + -155. What is the remainder when 1/((5/5 + z)/(-13)) is divided by 13?
0
Let b(s) = -252*s**2 + 3*s + 3. Let l be b(-1). Let f be 7*1*(-72)/l. Calculate the remainder when (1 + f + 15)*(-2)/(-3) is divided by 2.
0
What is the remainder when (18 + (1 - 353))/(0 - 2) is divided by 32?
7
Let m(k) = -295*k + 2077. What is the remainder when 805 is divided by m(7)?
1
Let z = 19 - -2. Let r = -23157 + 23194. What is the remainder when r is divided by (z*-1)/(2 - 3)?
16
Let j = -3026 - -3077. Calculate the remainder when 291 is divided by j.
36
Let s = 338 + -277. What is the remainder when s is divided by 3?
1
Let q = -2 - -2. Suppose -3*j + 44 + 49 = q. Let c = -121208 - -121225. What is the remainder when j is divided by c?
14
Let a(r) = 53*r**3 - 3*r**2 + 5*r - 9. Let p be ((-4)/10*2)/((-60)/150). Let h be a(p). Let c = h - 274. What is the remainder when c is divided by 28?
27
What is the remainder when (-3390)/(-2) - 207/207 is divided by 8?
6
Suppose 59*f - 156 = 20*f. Suppose -11*v + i + 73 = -9*v, f*i + 122 = 3*v. Calculate the remainder when 69 is divided by v.
1
Let l = -535 - -522. Calculate the remainder when 122 is divided by l/(104/(-144)) + 0.
14
Calculate the remainder when (1 - -1 - -9)/((-107)/(-9951)) is divided by 42.
15
Let d(j) = j. Let a(i) = 3*i - 4. Let r(u) = a(u) - 5*d(u). What is the remainder when 378/(-12)*(9 - 75/7) is divided by r(-9)?
12
Let l(o) = -3*o - 14 - 13 + 16. Calculate the remainder when l(-8) is divided by 2.
1
Let c = -2163 + 13848. Calculate the remainder when c is divided by 6.
3
Let q(a) = 2*a - 5. Let j be q(4). Suppose -3*x = -i + 9, -j*i - x = -i - 39. Suppose 878 + 331 = 39*g. Calculate the remainder when g is divided by i.
13
Let n(v) = -124*v - 269. What is the remainder when n(-5) is divided by 54?
27
Let s be 820 - (-12 + 13)*8/2. Suppose s = 15*t - 12*t. Calculate the remainder when t is divided by 55.
52
Let r(s) = s**3 + 6*s**2 - 8*s + 2. Let c be r(-7). Suppose -t = 2*t - c. Calculate the remainder when 59 is divided by 3/(-3) + (t + -4 - -14).
11
Suppose -w = -2*r - 5 - 5, 5*w + 2*r = 110. What is the remainder when ((-486)/(-90))/(-8 - (-164)/20) is divided by w?
7
Let h be (4 + -2)*(-10)/4. Let c(o) = -161 + 47 + 116 - 5*o. Calculate the remainder when 132 is divided by c(h).
24
Let w = -4263 + 5255. Calculate the remainder when w is divided by 71.
69
Suppose -5*b - 123 + 43 = 0. Let s = 4 - 13. Let c = s - b. Calculate the remainder when 33 is divided by c.
5
Suppose -o - 2*i + 458 = 0, -4*o - 306 + 2166 = i. Let y = o - 441. Let b = 313 + -218. Calculate the remainder when b is divided by y.
20
What is the remainder when 408 is divided by ((-123)/(-5))/(9/30)?
80
Let j(c) = -2*c**3 + 50*c**2 - 47*c + 1. Let g be j(24). Suppose 4*w - g = 43. What is the remainder when w is divided by 5?
2
Let k = 9398 - 9057. What is the remainder when 4101 is divided by k?
9
Suppose -595*y + 594*y + 465 = 0. Suppose 6*o - y - 153 = 0. Calculate the remainder when o is divided by 12.
7
Let d(u) be the third derivative of -16*u**2 + 0*u - 17/6*u**3 + 0 + 1/6*u**4. What is the remainder when d(14) is divided by 11?
6
Suppose 0*h - h = -18. Let a be (-21)/6*((-144)/28 - -4). Let i(s) = 9*s + 34. What is the remainder when i(a) is divided by h?
16
What is the remainder when (10 - 5)/(27/10341) is divided by 10?
5
Let y(o) = 5*o**2 + 37*o - 87. What is the remainder when 128 is divided by y(3)?
59
What is the remainder when (6/(-4))/((-4279)/138 + 31) is divided by 203?
4
Suppose 2*d = 3*i + 73, -3*d + i + 189 = 2*d. Suppose 4*s = 5*t + 185, -s - 5*t + 29 = -11. Let l = s - -67. Calculate the remainder when l is divided by d.
36
Let j(o) = -o**3 + o**2 + 7*o + 7. Let s be j(-2). Suppose -4*m + s*h + 107 = 0, -11*h = -16*h + 5. What is the remainder when 138 is divided by m?
26
Let l = 51 + -48. Let n be (-2 - l)/((-5)/5). Suppose n*h - 4*d - 9 = 0, -2*h = 2*h - 2*d - 12. Calculate the remainder when 22 is divided by